{"id":18182,"date":"2016-10-20T10:46:39","date_gmt":"2016-10-20T10:46:39","guid":{"rendered":"http:\/\/www.gironaexcellent.cat\/item\/tofona-dhivern-amb-anxoves-i-formatge-fermio\/"},"modified":"2019-02-20T08:59:10","modified_gmt":"2019-02-20T08:59:10","slug":"tofona-dhivern-amb-anxoves-i-formatge-fermio","status":"publish","type":"portfolio_page","link":"https:\/\/www.gironaexcellent.cat\/fr\/item\/tofona-dhivern-amb-anxoves-i-formatge-fermio\/","title":{"rendered":"T\u00f2fona d\u2019hivern amb anxoves i formatge fermi\u00f3"},"content":{"rendered":"<div class=\"wpb-content-wrapper\"><p>[vc_row row_type=\u00a0\u00bbrow\u00a0\u00bb use_row_as_full_screen_section=\u00a0\u00bbno\u00a0\u00bb type=\u00a0\u00bbfull_width\u00a0\u00bb angled_section=\u00a0\u00bbno\u00a0\u00bb text_align=\u00a0\u00bbleft\u00a0\u00bb background_image_as_pattern=\u00a0\u00bbwithout_pattern\u00a0\u00bb css_animation=\u00a0\u00bb\u00a0\u00bb][vc_column][vc_empty_space height=\u00a0\u00bb50px\u00a0\u00bb][vc_text_separator title=\u00a0\u00bbT\u00f2fona d\u2019hivern amb anxoves i formatge fermi\u00f3\u00a0\u00bb border=\u00a0\u00bbno\u00a0\u00bb el_class=\u00a0\u00bbtitol\u00a0\u00bb][vc_empty_space height=\u00a0\u00bb50px\u00a0\u00bb][\/vc_column][\/vc_row][vc_row row_type=\u00a0\u00bbrow\u00a0\u00bb use_row_as_full_screen_section=\u00a0\u00bbno\u00a0\u00bb type=\u00a0\u00bbgrid\u00a0\u00bb angled_section=\u00a0\u00bbno\u00a0\u00bb text_align=\u00a0\u00bbleft\u00a0\u00bb background_image_as_pattern=\u00a0\u00bbwithout_pattern\u00a0\u00bb padding_top=\u00a0\u00bb25&Prime; padding_bottom=\u00a0\u00bb25&Prime; css_animation=\u00a0\u00bb\u00a0\u00bb][vc_column width=\u00a0\u00bb1\/2&Prime;][vc_single_image image=\u00a0\u00bb15698&Prime; img_size=\u00a0\u00bbfull\u00a0\u00bb qode_css_animation=\u00a0\u00bb\u00a0\u00bb][\/vc_column][vc_column width=\u00a0\u00bb1\/2&Prime;][vc_column_text]<strong>INGREDIENTS<\/strong> (per a quatre persones)<\/p>\n<p>100 g de farina<br \/>\n100 g de vi blanc GIRONA EXCEL\u00b7LENT<br \/>\n100 g de sucre<br \/>\n1 formatge Fermi\u00f3 GIRONA EXCEL\u00b7LENT<br \/>\n8 filets d\u2019anxova en oli d\u2019oliva GIRONA EXCEL\u00b7LENT<br \/>\n1 t\u00f2fona negra[\/vc_column_text][vc_column_text]<strong>PREPARACI\u00d3<\/strong><\/p>\n<ol>\n<li>Barregeu en un bol la farina, el vi blanc i el sucre. Tapeu-ho i deixeu-ho reposar a la nevera 1 hora.<\/li>\n<li>Tot seguit, d\u2019aquesta pasta estireu-ne una capa fina al damunt d\u2019un paper sulfuritzat de pastisseria i, amb la punta d\u2019una cullera, feu-ne uns rectangles de 4 cm \u00b4 10 cm, com unes galetes.<\/li>\n<li>Poseu les galetes a coure al forn a 180 \u00baC uns 7 minuts, aproximadament. Han de quedar daurades i cruixents.<\/li>\n<li>Aixafeu el formatge Fermi\u00f3 amb una forquilla. Si t\u00e9 una maduraci\u00f3 \u00f2ptima, aquest formatge \u00e9s molt tou. Unteu-ne les galetes.<\/li>\n<li>Al damunt, poseu-hi dos filets d\u2019anxova i unes l\u00e0mines fines de t\u00f2fona.<\/li>\n<\/ol>\n<p>[\/vc_column_text][\/vc_column][\/vc_row]<\/p>\n<\/div>","protected":false},"excerpt":{"rendered":"<p>[vc_row row_type=\u00a0\u00bbrow\u00a0\u00bb use_row_as_full_screen_section=\u00a0\u00bbno\u00a0\u00bb type=\u00a0\u00bbfull_width\u00a0\u00bb angled_section=\u00a0\u00bbno\u00a0\u00bb text_align=\u00a0\u00bbleft\u00a0\u00bb background_image_as_pattern=\u00a0\u00bbwithout_pattern\u00a0\u00bb css_animation=\u00a0\u00bb\u00a0\u00bb][vc_column][vc_empty_space height=\u00a0\u00bb50px\u00a0\u00bb][vc_text_separator title=\u00a0\u00bbT\u00f2fona d\u2019hivern amb anxoves i formatge fermi\u00f3\u00a0\u00bb border=\u00a0\u00bbno\u00a0\u00bb el_class=\u00a0\u00bbtitol\u00a0\u00bb][vc_empty_space height=\u00a0\u00bb50px\u00a0\u00bb][\/vc_column][\/vc_row][vc_row row_type=\u00a0\u00bbrow\u00a0\u00bb use_row_as_full_screen_section=\u00a0\u00bbno\u00a0\u00bb type=\u00a0\u00bbgrid\u00a0\u00bb angled_section=\u00a0\u00bbno\u00a0\u00bb text_align=\u00a0\u00bbleft\u00a0\u00bb background_image_as_pattern=\u00a0\u00bbwithout_pattern\u00a0\u00bb padding_top=\u00a0\u00bb25&Prime; padding_bottom=\u00a0\u00bb25&Prime; css_animation=\u00a0\u00bb\u00a0\u00bb][vc_column width=\u00a0\u00bb1\/2&Prime;][vc_single_image image=\u00a0\u00bb15698&Prime; img_size=\u00a0\u00bbfull\u00a0\u00bb qode_css_animation=\u00a0\u00bb\u00a0\u00bb][\/vc_column][vc_column width=\u00a0\u00bb1\/2&Prime;][vc_column_text]INGREDIENTS (per a quatre persones) 100 g de farina 100 g de vi&#8230;<\/p>\n","protected":false},"author":1,"featured_media":18183,"menu_order":0,"comment_status":"closed","ping_status":"closed","template":"","portfolio_category":[267,337,268,269,291,309],"portfolio_tag":[],"class_list":["post-18182","portfolio_page","type-portfolio_page","status-publish","has-post-thumbnail","hentry","portfolio_category-pplat-fr","portfolio_category-milfulls_26-fr","portfolio_category-receptes-fr","portfolio_category-receptes_anxoves-fr","portfolio_category-receptes_lactics-fr","portfolio_category-receptes_vi-fr"],"_links":{"self":[{"href":"https:\/\/www.gironaexcellent.cat\/fr\/wp-json\/wp\/v2\/portfolio_page\/18182","targetHints":{"allow":["GET"]}}],"collection":[{"href":"https:\/\/www.gironaexcellent.cat\/fr\/wp-json\/wp\/v2\/portfolio_page"}],"about":[{"href":"https:\/\/www.gironaexcellent.cat\/fr\/wp-json\/wp\/v2\/types\/portfolio_page"}],"author":[{"embeddable":true,"href":"https:\/\/www.gironaexcellent.cat\/fr\/wp-json\/wp\/v2\/users\/1"}],"replies":[{"embeddable":true,"href":"https:\/\/www.gironaexcellent.cat\/fr\/wp-json\/wp\/v2\/comments?post=18182"}],"wp:featuredmedia":[{"embeddable":true,"href":"https:\/\/www.gironaexcellent.cat\/fr\/wp-json\/wp\/v2\/media\/18183"}],"wp:attachment":[{"href":"https:\/\/www.gironaexcellent.cat\/fr\/wp-json\/wp\/v2\/media?parent=18182"}],"wp:term":[{"taxonomy":"portfolio_category","embeddable":true,"href":"https:\/\/www.gironaexcellent.cat\/fr\/wp-json\/wp\/v2\/portfolio_category?post=18182"},{"taxonomy":"portfolio_tag","embeddable":true,"href":"https:\/\/www.gironaexcellent.cat\/fr\/wp-json\/wp\/v2\/portfolio_tag?post=18182"}],"curies":[{"name":"wp","href":"https:\/\/api.w.org\/{rel}","templated":true}]}}

Tòfona d’hivern amb anxoves i formatge fermió

<div class="wpb-content-wrapper"><p>[vc_row row_type= »row » use_row_as_full_screen_section= »no » type= »full_width » angled_section= »no » text_align= »left » background_image_as_pattern= »without_pattern » css_animation= » »][vc_column][vc_empty_space height= »50px »][vc_text_separator title= »Tòfona d’hivern amb anxoves i formatge fermió » border= »no » el_class= »titol »][vc_empty_space height= »50px »][/vc_column][/vc_row][vc_row row_type= »row » use_row_as_full_screen_section= »no » type= »grid » angled_section= »no » text_align= »left » background_image_as_pattern= »without_pattern » padding_top= »25&Prime; padding_bottom= »25&Prime; css_animation= » »][vc_column width= »1/2&Prime;][vc_single_image image= »15698&Prime; img_size= »full » qode_css_animation= » »][/vc_column][vc_column width= »1/2&Prime;][vc_column_text]<strong>INGREDIENTS</strong> (per a quatre persones)</p>
<p>100 g de farina<br />
100 g de vi blanc GIRONA EXCEL·LENT<br />
100 g de sucre<br />
1 formatge Fermió GIRONA EXCEL·LENT<br />
8 filets d’anxova en oli d’oliva GIRONA EXCEL·LENT<br />
1 tòfona negra[/vc_column_text][vc_column_text]<strong>PREPARACIÓ</strong></p>
<ol>
<li>Barregeu en un bol la farina, el vi blanc i el sucre. Tapeu-ho i deixeu-ho reposar a la nevera 1 hora.</li>
<li>Tot seguit, d’aquesta pasta estireu-ne una capa fina al damunt d’un paper sulfuritzat de pastisseria i, amb la punta d’una cullera, feu-ne uns rectangles de 4 cm ´ 10 cm, com unes galetes.</li>
<li>Poseu les galetes a coure al forn a 180 ºC uns 7 minuts, aproximadament. Han de quedar daurades i cruixents.</li>
<li>Aixafeu el formatge Fermió amb una forquilla. Si té una maduració òptima, aquest formatge és molt tou. Unteu-ne les galetes.</li>
<li>Al damunt, poseu-hi dos filets d’anxova i unes làmines fines de tòfona.</li>
</ol>
<p>[/vc_column_text][/vc_column][/vc_row]</p>
</div>

<p>[vc_row row_type= »row » use_row_as_full_screen_section= »no » type= »full_width » angled_section= »no » text_align= »left » background_image_as_pattern= »without_pattern » css_animation= » »][vc_column][vc_empty_space height= »50px »][vc_text_separator title= »Tòfona d’hivern amb anxoves i formatge fermió » border= »no » el_class= »titol »][vc_empty_space height= »50px »][/vc_column][/vc_row][vc_row row_type= »row » use_row_as_full_screen_section= »no » type= »grid » angled_section= »no » text_align= »left » background_image_as_pattern= »without_pattern » padding_top= »25&Prime; padding_bottom= »25&Prime; css_animation= » »][vc_column width= »1/2&Prime;][vc_single_image image= »15698&Prime; img_size= »full » qode_css_animation= » »][/vc_column][vc_column width= »1/2&Prime;][vc_column_text]INGREDIENTS (per a quatre persones) 100 g de farina 100 g de vi&#8230;</p>
